
2, 281, 169657
What are the prime factors of 2148572959?
13, 43, 563, 6827
What are the prime factors of 297502404?
2, 3, 211, 117497
What are the prime factors of 266543678?
2, 53, 2514563
List the prime factors of 36116414.
2, 18058207
List the prime factors of 325515352.
2, 359, 113341
List the prime factors of 1071438302.
2, 11, 23, 192497
What are the prime factors of 107450046?
2, 3, 11, 29, 18713
What are the prime factors of 120286452?
2, 3, 11, 13, 191, 367
What are the prime factors of 73436841?
3, 2719883
What are the prime factors of 352313558?
2, 1181, 149159
List the prime factors of 31876353.
3, 3541817
List the prime factors of 155238833.
41, 277, 13669
What are the prime factors of 1050296330?
2, 5, 105029633
List the prime factors of 1781108066.
2, 401, 839, 2647
What are the prime factors of 40207394?
2, 20103697
List the prime factors of 592727170.
2, 5, 7, 71, 239, 499
List the prime factors of 834953379.
3, 13, 21409061
List the prime factors of 79844231.
719, 111049
List the prime factors of 30370777.
337, 90121
What are the prime factors of 2977859336?
2, 372232417
What are the prime factors of 24681261?
3, 11, 747917
What are the prime factors of 728140050?
2, 3, 5, 11, 49033
List the prime factors of 167772529.
137, 277, 4421
What are the prime factors of 15555700?
2, 5, 155557
What are the prime factors of 625863481?
1667, 375443
What are the prime factors of 1041761524?
2, 260440381
List the prime factors of 192954767.
227, 850021
What are the prime factors of 306195096?
2, 3, 827, 15427
What are the prime factors of 87777813?
3, 29259271
List the prime factors of 187357416.
2, 3, 47, 163, 1019
List the prime factors of 18058880.
2, 5, 7, 29, 139
What are the prime factors of 729576781?
839, 869579
List the prime factors of 6226571708.
2, 7, 17, 1868719
List the prime factors of 6783091.
7, 23, 42131
What are the prime factors of 415879801?
229, 1816069
What are the prime factors of 107996731?
107996731
List the prime factors of 211302639.
3, 17, 81239
What are the prime factors of 74815454?
2, 7, 763423
What are the prime factors of 625402489?
3319, 188431
List the prime factors of 106710935.
5, 19, 263, 4271
What are the prime factors of 7791763604?
2, 677, 2877313
What are the prime factors of 59477929?
7, 811, 10477
List the prime factors of 57498198.
2, 3, 9583033
List the prime factors of 5257828980.
2, 3, 5, 23, 113, 11239
List the prime factors of 51044071.
13, 3926467
What are the prime factors of 1451024562?
2, 3, 13, 17, 769, 1423
What are the prime factors of 16159691?
16159691
List the prime factors of 67827450.
2, 3, 5, 17, 67, 397
What are the prime factors of 103273673?
269, 383917
List the prime factors of 838321191.
3, 4591, 6763
List the prime factors of 4954408609.
17573, 281933
List the prime factors of 6467646.
2, 3, 23, 46867
What are the prime factors of 91702088?
2, 643, 17827
List the prime factors of 53968913.
29, 43, 113, 383
What are the prime factors of 62150638?
2, 11, 47, 60107
What are the prime factors of 1278919095?
3, 5, 17, 71, 70639
What are the prime factors of 1849254470?
2, 5, 7, 31, 852191
List the prime factors of 90149964.
2, 3, 7512497
List the prime factors of 2066201.
2066201
List the prime factors of 82220024.
2, 17, 604559
List the prime factors of 201815245.
5, 17, 19, 6577
What are the prime factors of 32132145?
3, 5, 29, 73867
What are the prime factors of 71778591?
3, 7975399
List the prime factors of 193742228.
2, 389, 124513
What are the prime factors of 15503902?
2, 59, 83, 1583
What are the prime factors of 19054902?
2, 3, 23, 138079
What are the prime factors of 175380937?
571, 307147
What are the prime factors of 31270749?
3, 349, 29867
What are the prime factors of 79565182?
2, 73, 593, 919
What are the prime factors of 1989830752?
2, 7, 13, 109, 6269
List the prime factors of 1944641699.
7, 11, 13, 176609
List the prime factors of 50446769.
17, 41, 157, 461
List the prime factors of 403626832.
2, 7, 233, 15467
List the prime factors of 12371261.
7, 19, 191, 487
What are the prime factors of 63385078?
2, 17, 1864267
List the prime factors of 145594352.
2, 31, 109, 2693
What are the prime factors of 35476017?
3, 11825339
List the prime factors of 22432015.
5, 23, 107, 1823
List the prime factors of 113520089.
419, 270931
List the prime factors of 33732417.
3, 47, 239237
What are the prime factors of 6337968234?
2, 3, 13, 79, 1028557
List the prime factors of 1229409157.
1229409157
What are the prime factors of 5770649?
5770649
List the prime factors of 127983609.
3, 13, 43, 25439
What are the prime factors of 1844787795?
3, 5, 23, 5347211
What are the prime factors of 1231721874?
2, 3, 68428993
What are the prime factors of 2909259648?
2, 3, 71, 35569
What are the prime factors of 612533127?
3, 204177709
What are the prime factors of 135557493?
3, 439, 102929
What are the prime factors of 85502067?
3, 7, 4071527
List the prime factors of 115906037.
13, 281, 31729
What are the prime factors of 1250065976?
2, 1117, 139891
List the prime factors of 50515386.
2, 3, 8419231
List the prime factors of 5211517504.
2, 79, 1030759
What are the prime factors of 4872205542?
2, 3, 17, 61, 283, 2767
What are the prime factors of 358171154?
2, 11, 3511, 4637
What are the prime factors of 127025425?
5, 5081017
What are the prime factors of 26268778?
2, 13134389
What are the prime factors of 4203338168?
2, 525417271
What are the prime factors of 300991130?
2, 5, 11, 248753
What are the prime factors of 7485758?
2, 7, 534697
List the prime factors of 414827748.
2, 3, 11522993
List the prime factors of 59831980.
2, 5, 13, 230123
List the prime factors of 16263320.
2, 5, 406583
What are the prime factors of 29205761?
13, 991, 2267
What are the prime factors of 947011679?
97, 9763007
List the prime factors of 160436723.
160436723
What are the prime factors of 102316503?
3, 107, 318743
List the prime factors of 73192221.
3, 2710823
What are the prime factors of 162263388?
2, 3, 7, 409, 4723
What are the prime factors of 237662421?
3, 757, 104651
What are the prime factors of 265122998?
2, 7, 19, 996703
What are the prime factors of 101826192?
2, 3, 13, 17, 29, 331
What are the prime factors of 77334914?
2, 38667457
List the prime factors of 1825537.
7, 260791
List the prime factors of 2645234174.
2, 11, 3457, 34781
List the prime factors of 80026088.
2, 71, 140891
What are the prime factors of 4953512387?
4953512387
What are the prime factors of 3566078044?
2, 891519511
List the prime factors of 667717438.
2, 47, 163, 43579
What are the prime factors of 45771742?
2, 22885871
List the prime factors of 447514930.
2, 5, 2393, 18701
What are the prime factors of 2234968462?
2, 29, 38533939
List the prime factors of 48791956.
2, 12197989
List the prime factors of 69750376.
2, 8718797
What are the prime factors of 132752017?
47, 751, 3761
What are the prime factors of 98533561?
7, 29, 69341
What are the prime factors of 137739209?
53, 1559, 1667
What are the prime factors of 45188665?
5, 9037733
What are the prime factors of 1032423786?
2, 3, 19, 281, 3581
What are the prime factors of 1956448408?
2, 37, 607, 10889
What are the prime factors of 4640072?
2, 127, 4567
List the prime factors of 2041316457.
3, 680438819
What are the prime factors of 311968112?
2, 19498007
List the prime factors of 6167254643.
11, 560659513
What are the prime factors of 27392015?
5, 7, 17, 19, 2423
List the prime factors of 1257757067.
7, 151, 233, 5107
List the prime factors of 30204379.
151, 200029
List the prime factors of 194824174.
2, 97412087
What are the prime factors of 103771491?
3, 179, 193243
List the prime factors of 1817950875.
3, 5, 13, 19, 1033
What are the prime factors of 17257607?
31, 556697
What are the prime factors of 1274084724?
2, 3, 11, 23, 29, 499
What are the prime factors of 97109907?
3, 131, 247099
What are the prime factors of 998374101?
3, 4951, 67217
What are the prime factors of 2200662?
2, 3, 83, 491
List the prime factors of 40401489.
3, 59, 228257
What are the prime factors of 3499942922?
2, 7, 249995923
What are the prime factors of 6499883400?
2, 3, 5, 10833139
List the prime factors of 264316941.
3, 7, 1901, 2207
List the prime factors of 3987087661.
19, 31, 1033,